 (-29 + 28 - 13)) + -6.
7
2 - 9 - (-8 - (-4 + -1))
-4
What is (31 - 23) + 2 + -9 + 10?
11
Calculate 272 - 262 - (-2 - 6).
18
Calculate 0 - -5 - (6 + (-13 - 4)).
16
What is -1 - (-1 + 0) - (56 + -27 + -29)?
0
Calculate -3 - (11 + -20 - 7).
13
What is 16 - 18 - -25 - 2?
21
What is 39 + 3 + -18 + 4 + -9?
19
Evaluate -6 + -14 + 15 + -3 + -2.
-10
Calculate (2 - (-8 - -7)) + -8 + 14 - -25.
34
Calculate -24 - (243 + -241 + -14 + 0).
-12
Calculate 18 - 22 - 11 - -16.
1
What is the value of -14 + (-8 - (-11 + -1 + -4))?
-6
26 + -3 + -14 + (-1 - 0) - -1
9
Calculate -8 + (4 + -4 - 4) + -6 + 41.
23
Evaluate -19 + 51 - 20 - 29.
-17
What is the value of -7 + -4 + 20 + -2?
7
Evaluate 1 + 0 - (-152 - -172).
-19
What is -7 + (3 - (0 + 8 - -4)) + 6?
-10
What is the value of 13 - (-4 - -11) - (8 + 6)?
-8
Calculate (-6 - 7 - -20) + -6 - (-12 + 1).
12
What is 8 + (-1 - -6) + (4 - 9) + 4?
12
What is 1 - (9 + -13 + 0)?
5
(-27 - -6) + 17 - (-5 - 0)
1
Calculate 68 - (-37 - -67) - 19.
19
Evaluate 12 + -15 + -1 + -2 - (11 - 10).
-7
Evaluate (3 - ((1 + -7 - -10) + 1)) + -1.
-3
What is 2 - ((-2 - (-4 - -1)) + (30 - 17))?
-12
What is the value of -39 + (-45 - -88 - 12)?
-8
19 - (-16 - -39) - 22 - -17
-9
-14 - -10 - (-1 + 3 - 0 - 11)
5
What is the value of 2 + -1 - (-4 - -8) - (-548 - -514)?
31
What is the value of 17 + (0 - (1 + -1)) + -10 + 11?
18
Calculate -1 + -7 + 9 + 22 + -3 + -6.
14
Evaluate (-63 + 49 - 1) + -18 + 1.
-32
1 + -13 - 0 - 4
-16
13 - (2 - (-4 - (6 - 8)))
9
(1 - -9) + -11 + 8 - (-1 - -1)
7
What is -8 + 2 + (0 - 2) + 11 + 3?
6
What is (-72 + 78 - (12 - -1)) + (-1 - -17)?
9
Evaluate 13 + (7 + -13 - -2 - -6).
15
What is 10 + 4 - (4 + 22)?
-12
What is (4 - 12 - 2) + (-4 - 2) + -5?
-21
Calculate -4 + (6 - -3) + 0 - 16.
-11
What is 1 - -60 - (-1872 - -1906)?
27
Calculate (-17 - -4) + (26 - 8) + 3.
8
(-1 + 11 - -1 - 0) + 694 + -698
7
-614 + 614 - (-3 + (-2 - -10))
-5
What is 39 + (42 - (-4 + 63))?
22
What is -39 - (-44 + -1 + 20)?
-14
Calculate 16 + 8 + 1 + -12 + -3.
10
-4 + ((-5 - (-5 - 0)) + 5 - 9)
-8
Evaluate 235 - 247 - (1 + -35 - -2).
20
Calculate 0 + (-10 - -3) - (7 - -1) - 0.
-15
Evaluate 0 + (-5 - (-3 - 0)) + (22 - 2).
18
Evaluate (5 - 1) + (0 - -6) + -4 - 3.
3
What is the value of 9 + 6 + -22 - (-1 - -9) - 9?
-24
What is -8 + 5 + (3 - 0) + 6?
6
Evaluate -41 + 3 + (-21 - -15 - (0 + -8)).
-36
Calculate -23 + 28 + -5 + 1 + 3.
4
18 + -4 + -1 + 2 + -1 + -2
12
Calculate -19 - -13 - (2 + 1 - (-4 + 1)).
-12
What is the value of (7 - -5) + (-16 - 28) + 31?
-1
Evaluate 23 - 33 - -36 - 51.
-25
What is 4 + 1 + (273 - 272) + (1 - 10)?
-3
Calculate -1 + -1 + (-4 + 8 - 0) - 6.
-4
Calculate 8 + (-30 - -7 - (0 + -1 - -3)).
-17
Evaluate (-9 - -7 - 9) + 10 + -16.
-17
2 - (0 + 8 + 5) - 5
-16
22 + 2 - (-83 + 103)
4
Evaluate -24 - (-48 + 45 + -17).
-4
Calculate 0 - -2 - -3 - (-1 - -14).
-8
Evaluate 6 + -5 + (-6 - -10) + -5 - 0.
0
(-11 - 0) + 26 + -8 + -22
-15
What is the value of -131 + 127 - (10 + -1 + -2)?
-11
Evaluate (-20 - -16 - (-25 - -3)) + -9 - -27.
36
3 + -6 + 3 - (22 + 0 + -8)
-14
Evaluate (-242 + 269 - (14 + -1)) + -2 + -1.
11
What is (114 - 115) + 1 + 4 - 18?
-14
Evaluate -17 + 7 - (-23 - 3) - 19.
-3
(1 - 3) + 31 + (2 - (54 - 43))
20
(38 - 17) + -18 - (-2 + 0)
5
What is the value of (-1 - -6) + (15 - (19 - 2))?
3
What is the value of (-12 - -8 - -6 - (0 - -7)) + 29?
24
Calculate -5 + 2 + (-5 - 4 - 1) + 0.
-13
What is the value of 6 + (11 - 23) - -3 - -23?
20
(0 + 1 + -9 - (-8 - 16)) + 2
18
What is -1 - (9 + -1 + -19)?
10
What is the value of (-122 - -108) + 11 + -1?
-4
Evaluate -49 - -35 - (-10 - (2 + -5)).
-7
Calculate -7 + 10 + -13 + 16.
6
-2 + (4 - -8) + -22 - -22
10
What is -41 + 64 + -33 + -7?
-17
Evaluate 233 + -229 + (1 - 12).
-7
What is 16 + -18 + 9 - 16?
-9
-2 - -5 - (8 - (-20 - (-12 - 1)))
-12
Calculate 767 - 764 - (-1 + 0 - -13).
-9
What is (-11 - (-18 - -15)) + 27 + -20?
-1
What is the value of -1361 - -1346 - (1 + -38)?
22
Evaluate (25 - 43) + 17 - 20.
-21
Calculate (-20 + 13 - -15) + -10.
-2
2 + 0 - (10 - (-2 + -6) - 7)
-9
26 + -18 + -25 - (-4 - (0 + 1))
-12
Evaluate -23 + (-2 + 6 - (37 - 35)).
-21
1 - ((-1 - (-1 + -5)) + 2) - 16
-22
Calculate (19 - 7) + -17 - (0 + 1 + -7).
1
Calculate 36 + (-45 - 35) - -16.
-28
Calculate 1 + 9 + 1 - (37 - (-16 - -48)).
6
What is (10 - (-7 - -34 - 9)) + -10?
-18
What is the value of 9 - 1 - (-6 - (12 - 14))?
12
What is -18 + -7 + 20 + 38?
33
Evaluate -4 - (10 - (15 - -3)).
4
Evaluate -11 - -2 - (-66 + 46).
11
15 - (-4 + (7 - (-4 + 0)))
8
-6 + (333 - 319 - (2 + 0 + 6))
0
-9 + 24 - -10 - 42
-17
What is 2 + 0 - (3 + (-25 - -9))?
15
What is (-16 + 38 - 32) + -1?
-11
What is the value of (-25 - (-6 - 19) - (-2 + 1)) + 1?
2
13 + (2 + -1 + -3 - (43 + -45))
13
38 + (-18 - 25) + 21
16
What is the value of 0 + 0 - (-5 + -3 - (-7 + 3))?
4
What is -7 - (-1 - (-6 - -8 - -5))?
1
What is the value of 1 - (-8 + 4 + 9 + 5 + -8)?
-1
(0 + -7 - -14) + (-18 - -12)
1
Calculate (1 - -3 - 8) + -1 + 2.
-3
-2 + -3 + 4 + 10 - (-10 + 38)
-19
Calculate (-18 + 13 - 21) + 50.
24
Evaluate 10 + (-17 - (-17 + 12)).
-2
Evaluate 2 + -12 + -2 + 7 - -3.
-2
Calculate (7 - 7) + -6 + 4 - (9 - 2).
-9
-3 + (6 - 7) + 9 + (8 - 6)
7
(-27 - -9 - -8) + (-61 - -68)
-3
-2 + -2 + 0 + 0 + 5 + -1
0
Calculate 3 - (7 - (6 + (-5 - -9))).
6
Evaluate -11 + 0 - (-15 - (-11 - -37 - -6)).
36
10 + 1 + (-22 - -14) + -4 + 0
-1
-28 - -2 - ((8 - 9) + 5 + -12)
-18
Evaluate -10 + (-2 - (-19 + 17)) + -17.
-27
7 - ((-23 - -21) + (-1 - -11))
-1
What is 6 + 2 - (17 + 16)?
-25
Calculate -1 + 1 + 2 + 0 + (10 - 3).
9
Calculate -10 + (6 - (43 + -15)) - (0 + -6).
-26
What is -2 + -16 + -14 + 18 + -14 + 14?
-14
Calculate 0 + -1 + 4 - (2 - (-31 - -41)).
11
What is (-5 + (9 - -7) - 6) + (13 - 10)?
8
Calculate (0 - -8) + (-5 - (21 - 25)).
7
Calculate 50 + -90 + (18 - -59).
37
Evaluate -6 - ((9 - 31 - -11) + 3).
2
Evaluate 2 + (38 - -18 - 40).
18
Calculate -12 + (693 - 688 - (-3 + 2 - 0)).
-6
Calculate -34 + 0 - 2 - (33 + -58 + 13).
-24
What is the value of (9 - 1 - 23) + 7?
-8
Calculate -10 - (7 + -8 + -24 - -8).
7
Calculate (4 - (-3 - -6)) + (27 - 57) + 25.
-4
Calculate (0 - -9) + (59 + -33 - 35).
0
Evaluate 3 - ((20 - 0) + (-18 - -18) - 8).
-9
7 - ((-7 - (2 + -8)) + 2)
6
Evaluate (0 - 1) + -5 - (37 + (-8 - 20)).
-15
What is 28 + (-13 - 15) - (-3 + 1 + -2)?
4
-2 + 4 + (0 - 7) + 26 + -10
11
Calculate -11 + 1 + -4 + (-3 - -4).
-13
6 - (-10 - (7 + 12 + -15))
20
(-6 - (42 + -75)) + -13
14
What is (-4 - 2) + (3 - -3) + 10 + -8?
2
2 + (-2 - 0) + (-13 + 17 - 3)
1
What is the value of -10 + 3 + (74 - 89)?
-22
Calculate -5 + 25 + 96 + -123.
-7
(9 - -1) + (19 - (26 - 10 - -9))
4
What is -24 + 18 - -10 - -17?
21
What is -2 - -5 - ((0 - -9) + -1) - -23?
18
Calculate (105 - 113) + 3 + 12.
7
-26 - (-11 + (1 - -4) + -8)
-12
Calculate 11 - (-4 - 0) - (-11 - -7).
19
What is 4 - (-4 + -4 - (6 + -6 + -13))?
-1
Evaluate (-16 - (-26 + 13)) + (0 - 3).
-6
What is the value of 11 + (10 - 9) + 4 + -6?
10
What is (0 - 21 - -13) + 4?
-4
Evaluate (3 - (-6 - 0)) + (-31 - 11).
-33
Calculate 4 + -2 + (52 - 95 - -71).
30
What is -3 + 2 - (-1 - 1) - (-130 - -114)?
17
Evaluate 16 + -13 + -9 + -1.
-7
What is -111 + 121 - (6 + -3) - 15?
-8
What is (6 - 7) + (10 - 20)?
-11
What is the value of -8 + (-13 - (19 - 32))?
-8
What is the value of -3 - (7 - 6) - 1?
-5
What is -2 + (-15 - 6 - (-36 - -7))?
6
Calculate 9 - 37 - (4 + 7 + -7).
-32
Evaluate (1 - 1) + (1 - 2) - (-242 + 235).
6
What is the value of 18 - 1 - ((-15 + 8 - 2) + 12)?
14
What is (-39 - -13) + -12 + 3 + -10 + 7?
-38
-2 - (6 - (12 + -9 + 0 + 4))
-1
What is the value of 4 + (7 + -1 - 14)?
-4
What is the value of 32 - ((1 - (-1 - 6)) + 3)?
21
What is the value of -11 + 1 + -1 - (1 - (16 + -14))?
-10
What is the value of (-3 + 17 - 21) + -6?
-13
32 + 43 + -89 - -3
-11
Calculate -20 - (-1 - (-11 - -27)).
-3
What is -10 + (15 - 0) + 1 - 11?
-5
What is the value of -4 - 9 - (-55 - -26)?
16
What is (-2 - 11) + (-12 - -14) - -14?
3
Evaluate -33 + (43 - -11 - 17).
4
Evaluate -8 + 0 - (-1006 - -972).
26
What is the value of 15 - ((12 - 27) + 28)?
2
Calculate -3 + (32 + -30 - (1 - (11 - -1))).
10
Evaluate 22 + -14 - (1 - (-5 - -8)).
10
Evaluate -10 - -12 - 8 - (1 - 4) - -12.
9
188 + -204 + 1 + 10 + -2
-7
What is the value of 0 + (-3 - -1) - -2 - (183 - 187)?
4
Calculate (-4 - 